0051750 a multiple of 87?
True
Is 370830126 a multiple of 2991?
False
Does 26 divide 170690?
True
Is 163171476 a multiple of 558?
True
Is 404 a factor of 1468667260?
True
Is 17 a factor of 5111148204?
False
Does 27 divide 802970?
False
Is 130372425 a multiple of 13?
False
Is 225731868 a multiple of 153?
False
Is 18028640 a multiple of 56?
True
Does 8 divide 477986648?
True
Is 564805125 a multiple of 225?
True
Is 59 a factor of 28127483?
True
Does 4077 divide 261808556?
False
Is 7 a factor of 38798879?
True
Does 29 divide 10418859?
True
Is 36974678 a multiple of 2?
True
Is 269331156 a multiple of 108?
True
Is 91 a factor of 345012502?
False
Is 2450240 a multiple of 520?
True
Is 16812568 a multiple of 36?
False
Is 1245 a factor of 40901692?
False
Is 521 a factor of 143715933?
False
Does 32 divide 3295100320?
True
Is 669 a factor of 381294763?
False
Does 80 divide 275960974?
False
Does 10 divide 2339551?
False
Does 154 divide 51758737?
False
Is 5690308 a multiple of 52?
True
Is 1385936860 a multiple of 9266?
False
Does 51 divide 97811593?
False
Is 7305620 a multiple of 105?
False
Is 18 a factor of 151917496?
False
Is 3021384663 a multiple of 219?
True
Does 21 divide 18955083?
True
Is 249 a factor of 1246735032?
True
Does 27 divide 561672549?
True
Is 1621945215 a multiple of 297?
True
Is 471186064 a multiple of 16?
True
Is 42 a factor of 16162977?
False
Does 64 divide 37325085?
False
Is 39 a factor of 41939952?
False
Does 390 divide 134364360?
True
Does 152 divide 4489340672?
True
Does 14 divide 881064557?
False
Does 3 divide 17884464?
True
Is 86072031 a multiple of 164?
False
Does 74 divide 30658052?
True
Is 108047330 a multiple of 58?
True
Is 4 a factor of 26668016?
True
Is 419 a factor of 376573736?
True
Does 2796 divide 1442828268?
True
Does 47 divide 25019416?
True
Is 482781590 a multiple of 1893?
False
Is 3241 a factor of 29311604?
True
Is 48 a factor of 5189210416?
False
Is 292 a factor of 573808599?
False
Is 997 a factor of 5586448?
False
Does 820 divide 44207020?
True
Is 1962758132 a multiple of 614?
False
Does 14 divide 79603285?
False
Is 1083398423 a multiple of 15?
False
Is 33 a factor of 25153920?
True
Is 2159491 a multiple of 2402?
False
Does 541 divide 162154471?
True
Is 36 a factor of 374604269?
False
Does 49 divide 23323805?
False
Is 6117424 a multiple of 433?
True
Is 107 a factor of 5576199?
False
Is 2 a factor of 2192370?
True
Is 362346160 a multiple of 40?
True
Is 548808152 a multiple of 2536?
True
Is 5 a factor of 109780?
True
Is 3327 a factor of 84398655?
False
Is 44 a factor of 25649228?
True
Is 48 a factor of 183318525?
False
Is 8888100 a multiple of 52?
True
Is 1364 a factor of 49404080?
True
Is 791311068 a multiple of 36?
True
Is 10465450 a multiple of 63?
False
Does 876 divide 218552711?
False
Is 4920 a factor of 60396654?
False
Is 175 a factor of 175171850?
True
Is 31 a factor of 15122059?
False
Does 14 divide 109457054?
True
Is 282493384 a multiple of 72?
False
Is 35196808 a multiple of 1774?
False
Is 384036126 a multiple of 2649?
True
Does 265 divide 3034176162?
False
Is 145445664 a multiple of 416?
True
Is 6072160 a multiple of 40?
True
Is 80 a factor of 13967751?
False
Does 323 divide 1154690781?
False
Is 8928900 even?
True
Is 27535562 a multiple of 18?
False
Is 98599109 a multiple of 7?
True
Does 40 divide 738639400?
True
Does 288 divide 146768544?
True
Does 1084 divide 402176814?
False
Does 892 divide 174016712?
True
Is 21796995 a multiple of 511?
False
Is 2241299644 a multiple of 2820?
False
Does 8 divide 2553910?
False
Is 548603845 a multiple of 5?
True
Is 3557190 a multiple of 13?
True
Is 5 a factor of 13462240?
True
Is 1773 a factor of 204459367?
False
Is 253 a factor of 5314265?
True
Is 11073329 a multiple of 13?
False
Does 15 divide 788127324?
False
Is 46912110 a multiple of 141?
True
Is 5482656 a multiple of 8?
True
Is 27 a factor of 144581031?
True
Does 32 divide 1437636832?
True
Is 2 a factor of 486349?
False
Is 93999324 a multiple of 68?
True
Is 4013 a factor of 2513297757?
True
Does 83 divide 841378557?
False
Does 15 divide 182177566?
False
Is 285309400 a multiple of 1257?
False
Is 131836365 a multiple of 333?
True
Does 271 divide 13520461?
True
Does 154 divide 29403219?
False
Is 4585390 a multiple of 10?
True
Is 157776764 a multiple of 17?
False
Is 46 a factor of 18525223?
False
Does 1074 divide 312653214?
True
Is 20 a factor of 218753460?
True
Is 145612795 a multiple of 61?
True
Does 1147 divide 37588337?
True
Does 1056 divide 2162500032?
True
Is 308493880 a multiple of 95?
True
Is 258 a factor of 255957616?
False
Is 11987250 a multiple of 30?
True
Does 10 divide 188950?
True
Is 163791082 a multiple of 481?
True
Is 503 a factor of 2711612100?
False
Is 27 a factor of 67219038?
True
Does 352 divide 4840704?
True
Is 254420352 a multiple of 2544?
True
Is 22 a factor of 191523992?
True
Does 56 divide 41731458?
False
Does 20 divide 15616500?
True
Is 93 a factor of 164992323?
True
Is 26 a factor of 5981656954?
True
Is 34 a factor of 1487329898?
True
Is 15746569 a multiple of 221?
False
Is 4515221 a multiple of 37?
True
Does 23 divide 32326732?
False
Is 316 a factor of 42463132?
True
Is 996556 a multiple of 242?
True
Is 556591925 a multiple of 9?
False
Is 31458644 a multiple of 2747?
True
Does 129 divide 52184013?
False
Is 823007568 a multiple of 12?
True
Does 10 divide 17987480?
True
Is 6264648 a multiple of 36?
True
Is 581 a factor of 6672740?
False
Is 553 a factor of 567940428?
False
Is 152375716 a multiple of 1169?
False
Is 89 a factor of 673029036?
True
Is 632701940 a multiple of 713?
True
Is 27566546 a multiple of 14?
True
Is 9980 a factor of 1382295007?
False
Is 1180 a factor of 810183365?
False
Is 28 a factor of 37462180?
True
Is 11 a factor of 17402671?
True
Does 4194 divide 68207002?
False
Is 18 a factor of 44396028?
True
Does 95 divide 14337398?
False
Is 921526866 a multiple of 7564?
False
Does 1001 divide 147467481?
False
Does 28 divide 1204080881?
False
Is 386184804 a multiple of 12?
True
Is 60 a factor of 66513169?
False
Does 1104 divide 3434403792?
True
Is 306950567 a multiple of 77?
True
Does 14 divide 157701292?
True
Is 33053108 a multiple of 1585?
False
Is 4939871 a multiple of 663?
False
Is 2 a factor of 5282176?
True
Is 418 a factor of 26257800?
False
Is 3 a factor of 105968782?
False
Is 460768080 a multiple of 3620?
True
Does 991 divide 30810190?
True
Is 5 a factor of 21858073?
False
Does 67 divide 41138197?
False
Is 30041151 a multiple of 943?
True
Is 13333776 a multiple of 12?
True
Is 388978824 a multiple of 62?
True
Does 13 divide 6810609?
True
Is 13 a factor of 261161998?
False
Is 491319890 a multiple of 85?
True
Is 20 a factor of 955228057?
False
Is 7163013 a multiple of 143?
True
Does 1931 divide 134387685?
False
Is 612098644 a multiple of 373?
False
Is 3756078893 a multiple of 8?
False
Is 110 a factor of 57081970?
True
Does 41 divide 7020539?
False
Is 155 a factor of 340094490?
True
Is 10 a factor of 37297530?
True
Is 2100650830 a multiple of 95?
True
Is 479886296 a multiple of 128?
False
Is 15126140 a multiple of 620?
True
Is 10342251 a multiple of 589?
True
Is 10 a factor of 133702125?
False
Does 1860 divide 92475480?
True
Is 2070 a factor of 571510440?
True
Is 347578900 a multiple of 5?
True
Is 95792190 a multiple of 195?
True
Is 6878643 a multiple of 1737?
False
Is 10 a factor of 24025410?
True
Is 87078645 a multiple of 12?
False
Is 14494150 a multiple of 250?
False
Is 41363171 a multiple of 19?
True
Is 18628293 a multiple of 3?
True
Does 157 divide 54425934?
True
Does 3597 divide 1518736131?
True
Is 6478900 a multiple of 1934?
True
Is 6489149 a multiple of 156?
False
Is 388 a factor of 5321765?
False
Is 32820480 a multiple of 3?
True
Does 10 divide 2730230?
True
Is 1205 a factor of 13873416?
False
Does 37 divide 764492394?
False
Does 631 divide 4529317?
False
Is 37783282 a multiple of 578?
True
Is 31550075 a multiple of 1713?
False
Is 1702981 a multiple of 7?
True
Is 45 a factor of 354398040?
True
Does 897 divide 807441726?
True
Is 18289666 a multiple of 24?
False
Is 30523894 a multiple of 43?
True
Does 29 divide 52019643?
False
Is 221763960 a multiple of 250?
False
Is 112791204 a multiple of 27?
True
Is 114 a factor of 3499831?
False
Is 3225 a factor of 80341200?
True
Is